-4 - -12).
7
Evaluate 13 + -6 - (13 + -1).
-5
44 + -45 - (-2 + 11 + -2)
-8
Calculate 2 - (4 + 0 - 6).
4
What is 0 + 0 - (-26 - -23) - -2?
5
What is the value of (5 - 3) + 16 - 9?
9
What is -1 + 2 + 1 + 1?
3
Evaluate (2 - 3) + (-2 + 0 - -4).
1
Calculate (-3 - (-2 + 6 - 6)) + 4.
3
-1 + -2 + 7 + 1
5
Calculate -10 + (5 - -1 - 0).
-4
What is the value of 21 + -16 - (4 + -1)?
2
-13 + 9 + (-2 + 1 - -5)
0
Evaluate -2 + 5 + -4 + -5 + 3.
-3
What is the value of -1 + -1 + 1 - (13 - 18)?
4
What is (-19 - -7) + (-4 - -4) + 6?
-6
Calculate -4 + 5 - -5 - 3 - 5.
-2
Calculate -6 + (9 - (5 - (-5 - -5))).
-2
What is -5 - (-3 + -3 + 10 - 14)?
5
Calculate (323 - 328) + (1 - 1) + 6.
1
What is the value of (17 - 15) + (1 - 4)?
-1
What is 0 + 0 + 3 + 0?
3
Calculate -6 + (-2 - -5) + 3.
0
What is the value of -6 - ((-5 - -3) + 0 + 0)?
-4
Calculate 2 + -6 + 10 - (-7 - -7).
6
What is -6 + 7 + 6 + -13?
-6
What is -2 - ((16 - 6) + -7)?
-5
Calculate (-8 - -1 - -6) + 2.
1
What is 2 - (2 - (6 - 3))?
3
(0 - 3) + -23 + 21
-5
What is the value of 3 - (-3 + -1 - (-2 + 0))?
5
0 + 0 + 0 + 3 - 2
1
Evaluate (-4 + -7 - -3) + 3.
-5
Calculate -1 + (5 - 3) - 4.
-3
-10 + 3 + 1 + (1 - -1)
-4
Calculate 7 - (-1 + 0 + 5) - 1.
2
What is (3 - 4) + (-4 - -1) + 0?
-4
Evaluate 2 + 1 + 7 + -8.
2
What is -2 + 1 + (6 - 0 - -1)?
6
What is 13 + 2 + -9 + (0 - 10)?
-4
What is the value of -1 + (-4 - -4) + -4?
-5
What is -1 + (-7 - (-1 + 0)) - -11?
4
What is the value of 8 + 5 + (3 - 24)?
-8
What is -4 + 0 - -2 - -1 - 2?
-3
Calculate (9 - 8) + (-3 - -8).
6
What is 6 + -5 + 10 - 8?
3
(-2 - 0) + (0 - 1) + -1
-4
What is the value of -4 - (5 + (1 - 5))?
-5
What is -6 + (-1 - -1) + 4 + -3?
-5
Evaluate (-4 - -4) + (-3 - -5).
2
Calculate -2 - -2 - (7 + (-10 - 2)).
5
-3 - (1 - 5) - 3
-2
Evaluate (-26 - -37) + -3 + (3 - 2).
9
Evaluate -1 + 4 - (15 + -4 + -12).
4
What is (-12 - -22) + 10 + -10?
10
Calculate 4 + 0 - (-3 - (-4 - -1)).
4
What is the value of -6 - (-9 + 0 - -2)?
1
Evaluate -1 + 5 + -2 + 3 + -3.
2
Evaluate 3 - ((-1 - -8) + (-1 - 1)).
-2
Calculate 0 - ((9 - 1) + -5).
-3
(1 + 4 - (-6 - 1)) + -6
6
What is the value of 6 + -10 + (4 - 1)?
-1
What is (3 - 0) + -1 + -2 + 2?
2
What is the value of -3 + (-1 + 1 - 1)?
-4
What is -4 - -2 - 4 - -1?
-5
-13 + 2 + 3 - -4 - 0
-4
3 + -7 - (-1 - 0)
-3
What is -7 + -3 + 24 - 7?
7
What is -4 + 1 - (5 - 2 - 6)?
0
Calculate (4 - (-2 + 4)) + -1 + -1.
0
-2 + (3 - (-2 + 4)) + -3
-4
Calculate (2 + 3 - 10) + 5.
0
19 - 24 - (0 + -2)
-3
What is -4 - (-3 + -2 - -6)?
-5
0 + 3 - (-14 + 12)
5
-1 - -4 - (8 + -1) - 0
-4
-5 + (-1 - (0 - 2))
-4
Evaluate -4 - (1 + 4 + -6).
-3
What is -7 - ((2 - 4) + -3)?
-2
What is the value of -6 + 5 + -3 - -1 - -5?
2
Evaluate (0 - -1) + (1 - -2).
4
What is -4 - (4 - 4 - 0)?
-4
-1 + -4 - ((-17 - 3) + 11)
4
Evaluate 3 + 1 + -2 + 3.
5
2 + 7 + (-2 - 6)
1
1 - 7 - 3 - -7
-2
What is 171 + -161 - (0 + 16)?
-6
What is 6 + -6 - -1 - (-3 + -1)?
5
What is the value of 5 - (10 - (10 - 0))?
5
Calculate 1 + 9 + -16 + 4.
-2
What is -6 + (9 - (8 + -2)) - -1?
-2
-1 + 4 + -9 + 2 + -1
-5
3 - (-7 + 6 - -8)
-4
What is -4 - (-16 - -10) - (1 - 0)?
1
7 + (0 - 10 - (2 - 0))
-5
-1 - (2 - 2 - -1) - 3
-5
Evaluate -4 - (-5 + -3 - (-11 + 6)).
-1
Evaluate (8 - (3 + 4)) + -6.
-5
Calculate 97 + -95 + -1 + 4.
5
3 + (0 - (4 - 1 - 3))
3
3 + -3 + -1 - -6
5
Calculate 0 + 18 + -8 + -4.
6
Calculate (-2 - (2 + 0)) + (17 - 17).
-4
Calculate 0 + -11 + 9 + (-3 - 0).
-5
Evaluate 1 + (-2 - (-4 + 1)).
2
What is 3 - 4 - (2 - 0)?
-3
What is the value of 1 + -2 + -2 + (33 - 30)?
0
Calculate 3 + (-4 - (2 + -3) - -4).
4
9 + -9 - ((6 - 3) + -4)
1
Evaluate ((-1 - 4) + 5 - 4) + -7.
-11
What is the value of 4 - (13 - 10) - 7?
-6
Evaluate 1 + (5 + -1 - (-25 - -23)).
7
What is (0 - -3) + -6 + (-5 - -3)?
-5
What is 7 + (3 - (6 - -1))?
3
(-3 - -11) + -15 - -11
4
Evaluate (7 - (-4 + 10)) + -7.
-6
Evaluate (9 - 2 - 4) + -4 + 1.
0
-41 + 40 + (0 - -2)
1
What is -7 - (1 + -14 + 6)?
0
Evaluate 4 + (-1 - (-1 + 4)).
0
What is the value of -1 + (-6 - -4 - -3 - 0)?
0
What is the value of (-6 - -3 - 3) + -7 + 5?
-8
What is -1 - ((-1 - -1) + 1)?
-2
0 + 7 + 3 + -12
-2
Evaluate 1 - (5 - 4) - (-1 + 3).
-2
Calculate -7 - (-1 + 1 + -1) - -13.
7
Calculate -6 + (-4 - (-7 - 1)) + 1.
-1
What is the value of -6 + (-2 - (-8 + 6))?
-6
What is ((1 - 2) + 7 - 2) + -2?
2
Evaluate 0 + (-2 - 0) + 1.
-1
What is 0 + -10 + 4 + 14 + -13?
-5
Evaluate -7 + (2 - (-8 - -4)) + -3.
-4
Evaluate -8 + (8 - (1 - 0)) - -11.
10
Evaluate 5 - (3 + -4 - -11).
-5
Calculate -21 - -16 - (0 + -7).
2
(8 - (5 - 5)) + 1
9
11 + (2 - 11) + 4
6
Evaluate 5 + 1 + -1 + -2.
3
What is -2 - (-2 + 0 - -2) - 0?
-2
4 + (-9 - -10 - -2)
7
(-2 - -2) + 0 + 7 + -2
5
Calculate -4 + 2 + 10 + -14.
-6
37 + -49 + (1 - -12)
1
What is the value of (10 - (-7 + 16)) + -1 + -4?
-4
What is the value of 5 + -8 + (0 - 0)?
-3
What is the value of 10 + -6 - (2 - (1 + 0))?
3
What is 0 - 9 - -2 - -5?
-2
What is -5 + -2 + 5 - -7?
5
5 + (-11 - 2 - 4 - -4)
-8
0 + 4 + -4 - (1 - -1)
-2
Evaluate -5 + -6 + 13 + -9.
-7
What is (0 - -1) + (35 - 36)?
0
What is -4 + (5 + -9 + 6 - 2)?
-4
What is 9 - (1 - (0 + -3))?
5
What is -3 - (-5 + (3 - 2) + 2)?
-1
8 - (14 - 4) - -9
7
Evaluate -9 + 1 + 2 - -4.
-2
-4 - ((-8 - -10) + -7)
1
Evaluate 4 + 0 + (-6 + 1 - -7).
6
What is -54 + 60 + 0 + -3?
3
Calculate 3 - (-3 + (-2 - (-14 - -3))).
-3
Evaluate -1 - (-11 - -6) - (1 - 1).
4
(0 - 8) + 7 - -4
3
Calculate (8 - 2) + -7 + 9.
8
Evaluate 10 + (-6 + 9 - 9).
4
What is (0 - 1) + 1 + 1 + -2?
-1
What is 3 - (5 + -5) - (0 + 2)?
1
What is -6 + 0 - (4 - (0 - -7))?
-3
Evaluate (-4 - (-3 + 2)) + -6 + 4.
-5
5 - -11 - (1 - -8)
7
Evaluate -2 + -3 - -2 - (-3 + 4).
-4
Evaluate -6 - 0 - ((-5 - -3) + 4).
-8
What is the value of 1 + 3 - 3 - 1?
0
-1 + -4 + 5 - -4 - 4
0
(4 - 1) + (-14 - -10)
-1
What is -10 - ((0 - -6) + -4 - 8)?
-4
What is -1 + (0 - 0) + (5 - 5)?
-1
Evaluate 0 + -4 + (14 - (6 + 7)).
-3
Calculate -4 - (7 + -12 + 1 + 0).
0
What is 6 + -2 + -2 - (3 - 3)?
2
What is the value of 2 - (9 - -2 - 10)?
1
What is the value of (-6 - -3) + 6 - -2?
5
What is the value of 2 + -3 - (2 + -5 + 6)?
-4
What is the value of 4 + -1 - (4 + -1 - -1)?
-1
Calculate -10 + -5 + 27 + -5.
7
Evaluate 5 - (8 + (6 - (17 - 8))).
0
Calculate 6 + (-3 - (5 - 3)).
1
What is 2 - (-1 - -5 - -4)?
-6
1 + ((4 - 3) + 1 - -1)
4
What is the value of -6 + -3 + 5 - (-2 + -8)?
6
What is the value of (-11 - -3) + (8 - 5)?
-5
23 + -23 + (-1 - (0 - 1))
0
What is the value of 0 + (-3 - -6 - 12) + 2?
-7
What is 1 + (-3 - 1) + (-2 - -5)?
0
What is (7 - (5 - 2)) + -6 + 0?
-2
What is the value of 3 + -4 - 3 - 1?
-5
What is 2 + 7 + 3 + -6 + -5?
1
-1 + -1 - (-2 - 3 - -3)
0
Calculate (-1 - 6) + 3 + -1.
-5
What is 1 + (4 - 1 - 0)?
4
What is -5 + 10 + -7 - -2?
0
What is (-8 + 2 - (1 + -1)) + 3?
-3
Calculate -7 + 7 + -6 - -8.
2
What is the value of -3 - -1 - (2 - -1)?
-5
Evaluate -1 + ((1 - 3) + 8 - 3).
2
Calculate 11 + -5 + 4 + -7.
3
What is 1 - -4 - (-15 - (-16 + 1))?
5
Calculate 2 + 3 + (0 - 7) + -3.
-5
Evaluate (5 - 3 - 0) + -4 + 7.
5
What is the value of 3 + 4 + 0 + 2 + -6?
3
Calculate (5 + 3 + 2 - 7) + -8.
-5
Calculate -1 + -8 + (21 + -44 - -23).
-9
What is -10 + 1 - ((-7 - 3) + 5)?
-4
Calculate 14 - 7 - 4 - (1 + 1).
1
-4 - (-6 - (0 - 4))
-2
What is the value of 3 + 2 + 1 + -3?
3
1 + -6 + 0 - (2 - 3)
-4
Calculate -1 - (7 - (7 + -4)) - -2.
-3
What is 2 + 0 + (-4 + 3 - -2)?
3
What is (-6 - -3) + 0 + -2?
-5
What is 2 + -10 - -12 - 4?
0
What is -3 - (1 + -7 - 4)?
7
What is -28 - -22 - (-6 + 8)?
-8
Evaluate (12 - 24) + 1 + 19.
8
Calculate -5 + (-7 - 1 - -7).
-6
-4 + -8 + 7 + 6
1
10 + -5 + 0 - 3
2
What is the value of (-9 - -12) + -3 - 4?
-4
Evaluate -1 + (3 - (3 - -2)).
-3
Evaluate (0 - (-4 - -1)) + -4.
-1
What is -7 - (-11 + -1 + 6)?
-1
What is the value of (-3 + 13 - 21) + 10?
-1
Evaluate 2 + -9 + (5 - 5) + 3.
-4
What is 2 - 4 - (0 - (8 + -5))?
1
What is the value of (-1 - 3) + (4 - -6) + -5?
1
Calculate (0 - -1) + 5 + -25 + 22.
3
2 + 3 + (-8 - 0)
-3
Calculate -1 - (4 - (6 - 0)).
1
-3 - -1 - (8 - 15)
5
What is -4 + (6 - (-1 - 2 - -5))?
0
What is the value of (1 - 0) + (-2 - -3)?
2
What is the value of (0 - -3) + (3 - 1) + -4?
1
Evaluate 13 - 15 - (0 - -1).
-3
What is the value of 3 + (-8 - -6) + -4 + 1?
-2
Calculate 11 + (-5 - -2) - (1 - -2).
5
Calculate -10 + 13 + 2 + 0.
5
Evaluate 3 